et u(n) = -22*n - 978. What is u(-46)?
34
Let w(n) = -n**2 + 20*n - 45. What is w(19)?
-26
Let t(v) = v**3 - 90*v + 14. What is t(-9)?
95
Let u(a) = -1323*a + 1323. What is u(1)?
0
Let k(f) = 2*f**2 + 14046*f - 112492. Determine k(8).
4
Let k(c) = -c - 214. Determine k(21).
-235
Let f(j) = -6*j + 657. Give f(107).
15
Let f(a) = -31*a + 293. Give f(11).
-48
Let y(s) = -s**3 - 120*s**2 + 675*s + 6247. Calculate y(-125).
-3
Let n(h) = -h**2 - 213*h + 4413. Give n(19).
5
Let n(x) = x**3 + 19*x**2 + x - 346. Give n(-18).
-40
Let z(q) = 2*q**2 - 551*q - 51724. Give z(-74).
2
Let g(l) = -6*l**3 + 3592*l**2 + 3593*l - 2. Give g(-1).
3
Let j(a) = 1468*a + 1473. Determine j(-1).
5
Let b(h) = -4*h**3 - 52*h**2 - 15*h + 20. What is b(-13)?
215
Let s(g) = 1264*g - 2537. What is s(2)?
-9
Let i(y) = 15*y**2 - 6*y + 13. Give i(4).
229
Let x(g) = g**3 + 32*g**2 - 58*g - 824. Determine x(-33).
1
Let i(o) = 2*o**3 + 17*o**2 + 9*o + 21. Give i(-7).
105
Let m(n) = -7*n**3 - 57*n**2 + 132*n + 25. Determine m(-10).
5
Let m(k) = -k**3 + 37*k**2 - 186*k - 196. What is m(7)?
-28
Let q(s) = 54*s + 12198. Calculate q(-226).
-6
Let j(z) = z**3 - 36*z**2 + 308*z + 99. Give j(15).
-6
Let b(m) = 2*m**3 + 40*m**2 + 31*m - 39. What is b(-19)?
94
Let a(s) = 12*s + 89. Determine a(-7).
5
Let k(f) = -38*f - 109. What is k(-7)?
157
Let v(s) = 65*s**2 + 518*s + 51. What is v(-8)?
67
Let v(x) = -50*x**2 - 35*x - 3. Determine v(-2).
-133
Let m(y) = -y**3 - 63*y**2 - 6*y - 374. Calculate m(-63).
4
Let d(u) = -11*u + 483. What is d(42)?
21
Let g(t) = -t**3 - t**2 - 2*t + 19. What is g(0)?
19
Let a(d) = -d**2 + 41*d + 1219. Calculate a(-20).
-1
Let q(n) = -98*n + 4603. What is q(47)?
-3
Let u(y) = y**2 + 28*y - 288. Determine u(8).
0
Let x(d) = -2*d**3 + 21*d**2 + 104*d - 92. Give x(14).
-8
Let h(f) = 16*f - 93. What is h(2)?
-61
Let d(i) = 118*i + 349. Give d(-3).
-5
Let x(l) = 1167*l - 9346. Give x(8).
-10
Let k(q) = -q**2 + 173*q - 1529. What is k(161)?
403
Let y(h) = -14*h + 162. Calculate y(46).
-482
Let i(g) = g**2 + 58*g + 240. Give i(-54).
24
Let w(j) = 98*j - 10387. What is w(106)?
1
Let f(h) = 37*h + 487. Give f(-11).
80
Let k(r) = -10*r**2 + 26*r + 28. What is k(-3)?
-140
Let i(n) = -264*n**3 + 22*n**2 - 4*n + 3. What is i(1)?
-243
Let i(c) = c**2 - 271*c + 9232. What is i(40)?
-8
Let g(o) = o**3 + 74*o**2 + 142*o - 131. Give g(-72).
13
Let r(g) = -543*g + 1673. Calculate r(3).
44
Let q(s) = -s**2 + 134*s + 4050. Calculate q(160).
-110
Let r(o) = o**3 + 6*o**2 - 124*o - 533. Determine r(-4).
-5
Let t(b) = -265*b - 2035. What is t(-7)?
-180
Let s(q) = 2*q**2 + 154*q - 133. Determine s(-77).
-133
Let x(c) = -c**3 - 84*c**2 + 80*c - 420. What is x(-85)?
5
Let d(m) = -26*m**2 - 15*m - 41. Determine d(-3).
-230
Let b(y) = 12*y**3 + 71*y**2 + 13*y + 13. Calculate b(-6).
-101
Let t(b) = b**3 - b**2 - 27*b + 54. Calculate t(4).
-6
Let j(y) = -y**3 + 8*y**2 + 44*y + 125. Determine j(12).
77
Let q(y) = -y**3 - 25*y**2 - 127*y + 22. Determine q(-8).
-50
Let z(x) = x**3 - 2*x**2 - 41*x + 147. What is z(-7)?
-7
Let r(w) = w**2 - 49*w + 354. Determine r(20).
-226
Let v(a) = a**2 + 116*a - 345. Calculate v(3).
12
Let y(p) = p**2 + 221*p - 4308. Determine y(18).
-6
Let g(t) = -22*t**2 + 28*t - 5. What is g(2)?
-37
Let g(k) = 25*k + 55. Give g(8).
255
Let p(f) = f**3 - 11*f**2 - 106*f + 1176. Calculate p(11).
10
Let z(j) = 92*j**3 - 2*j**2 + 11*j - 12. Determine z(1).
89
Let x(k) = 3*k**2 + 32*k - 9. What is x(-8)?
-73
Let a(d) = d**2 - 61*d + 844. Give a(25).
-56
Let b(o) = -2*o**3 + 15*o**2 - 26*o - 7. Calculate b(4).
1
Let b(r) = 42*r - 2177. Determine b(52).
7
Let u(q) = 65*q - 405. Determine u(6).
-15
Let i(b) = b**3 - 229*b + 663. What is i(3)?
3
Let z(o) = -2*o**2 + 22*o - 89. Determine z(12).
-113
Let b(i) = -i**2 + 51*i + 454. Determine b(-11).
-228
Let y(h) = 3*h**3 - h**2 + 10*h - 149. What is y(0)?
-149
Let h(i) = i**2 + 6*i + 18. Calculate h(-6).
18
Let m(g) = -10*g - 56. Determine m(-2).
-36
Let b(f) = -f**2 + 4049*f + 8099. Give b(-2).
-3
Let s(a) = -a**3 + 94*a**2 + 2*a - 170. Determine s(94).
18
Let b(u) = -245*u - 901. What is b(-4)?
79
Let f(p) = 2*p**2 + 105*p + 156. Calculate f(-51).
3
Let w(l) = 12*l + 49. Determine w(6).
121
Let g(q) = -q**2 + 36*q - 118. Calculate g(4).
10
Let x(i) = 97*i + 6251. Determine x(-65).
-54
Let a(u) = -2*u**3 - 103*u**2 - 1044*u + 90. Give a(-14).
6
Let l(n) = 259*n - 12098. What is l(47)?
75
Let o(g) = g**2 + 63*g + 663. Calculate o(-14).
-23
Let l(o) = o**3 + 22*o**2 + 20*o - 71. Calculate l(-21).
-50
Let q(n) = n**2 - 45*n + 193. What is q(5)?
-7
Let x(b) = 780*b + 4653. Calculate x(-6).
-27
Let c(j) = 45*j**2 + 1030*j - 80. What is c(-23)?
35
Let y(w) = -5*w**2 + 36*w - 73. Determine y(5).
-18
Let t(l) = 458*l + 3214. What is t(-7)?
8
Let h(l) = -4*l**2 + 314*l - 498. What is h(77)?
-36
Let o(q) = q**2 + 438*q - 9148. Determine o(20).
12
Let o(n) = 40*n + 17. Give o(-1).
-23
Let g(r) = 147*r - 300. What is g(2)?
-6
Let p(z) = -2*z**3 - 198*z**2 + 3*z + 122. What is p(-99)?
-175
Let m(v) = 31*v**2 + 25*v + 25. Determine m(-1).
31
Let t(w) = -w**3 - 49*w**2 - 83*w - 4076. Calculate t(-49).
-9
Let w(x) = -64*x + 336. Determine w(5).
16
Let z(l) = -l**3 - 63*l**2 - 354*l - 695. Determine z(-57).
-11
Let j(k) = -2*k**3 - 27*k**2 + 10*k - 26. Calculate j(-14).
30
Let o(c) = 47*c**2 - 2175*c + 626. Calculate o(46).
28
Let n(l) = -l**3 - 10*l**2 + 14*l - 29. Determine n(-11).
-62
Let y(t) = -4*t**2 - 9*t + 27. Calculate y(2).
-7
Let f(s) = 95*s - 867. What is f(9)?
-12
Let y(n) = 2*n**3 - 37*n**2 + 19*n + 5. Determine y(18).
23
Let w(n) = -n**3 - 20*n**2 - 2*n - 498. Determine w(-21).
-15
Let p(v) = -v**2 + 3*v + 24. What is p(0)?
24
Let q(j) = -374*j + 5991. Determine q(16).
7
Let r(h) = -h**3 + 36*h**2 - 82*h - 1471. Give r(32).
1
Let y(i) = 2*i**3 - 18*i**2 - 114*i + 991. Calculate y(7).
-3
Let x(c) = 7*c**3 - 32*c**2 + 5*c - 87. What is x(5)?
13
Let l(z) = -17*z**2 + 116*z - 15. Determine l(9).
-348
Let q(o) = 5*o**3 - 39*o**2 + 52*o + 6. What is q(6)?
-6
Let u(v) = -v**3 + 48*v**2 - 85*v - 315. Determine u(46).
7
Let t(y) = -y**3 - 35*y**2 + 5*y - 1. Calculate t(-35).
-176
Let z(o) = -2*o**3 + 130*o**2 - 241*o - 692. Calculate z(63).
1
Let t(u) = u**2 + 52*u + 277. Give t(-9).
-110
Let u(d) = -4*d**2 + 62*d + 791. Calculate u(24).
-25
Let s(x) = -x**2 - 96*x - 1786. Calculate s(-71).
-11
Let q(g) = -760*g - 773. Give q(-1).
-13
Let j(c) = 4*c**3 + 202*c**2 - 100*c + 89. Give j(-51).
-13
Let s(b) = -30*b + 959. What is s(33)?
-31
Let m(a) = 3*a - 85. Give m(31).
8
Let d(c) = 91*c**3 + c**2 + 15*c - 16. Give d(1).
91
Let n(k) = 157*k**2 + 7*k + 4. Determine n(-1).
154
Let a(u) = -2*u**2 - 64*u + 368. Give a(5).
-2
Let u(a) = 50*a - 81. Determine u(7).
269
Let l(k) = -5*k + 149. Determine l(3).
134
Let x(u) = -u**3 + 25*u**2 + 2*u - 53. What is x(25)?
-3
Let w(x) = x**3 + 61*x**2 - 260*x + 17. Determine w(-65).
17
Let w(o) = -7*o - 31. What is w(16)?
-143
Let q(h) = 4*h**3 - 141*h**2 + 696*h + 31. Determine q(6).
-5
Let y(o) = -2*o**2 + 820*o + 4944. Determine y(-6).
-48
Let h(l) = 5*l**2 + 42*l + 108. Determine h(-10).
188
Let x(h) = h**3 + 2*h**2 - 36*h + 9. Determine x(-8).
-87
Let n(x) = 5032*x - 75470. Give n(15).
10
Let j(q) = 22*q + 348. Give j(-15).
18
Let r(x) = -71*x + 5. Calculate r(3).
-208
Let q(b) = -b**3 - 32*b**2 - 148*b + 199. Determine q(-26).
-9
Let q(t) = -4*t**2 - 328*t - 956. Calculate q(-79).
-8
Let l(n) = 3*n**3 - 25*n**2 + 17*n + 3. Determine l(1).
-2
Let c(p) = -4*p + 97. Give c(25).
-3
Let i(v) = 338*v - 7124. Determine i(21).
-26
Let d(q) = -q**3 - 34*q**2 - 101*q - 247. Calculate d(-31).
1
Let u(f) = -f**3 - 3*f**2 + 73*f + 318. Determine u(-5).
3
Let k(f) = 479*f - 264. Determine k(1).
215
Let v(p) = p**2 - 51*p - 64. Determine v(56).
216
Let o(u) = -2*u**2 - 49*u + 152. Determine o(-27).
17
Let n(l) = 86*l - 146. Determine n(3).
112
Let o(x) = -4*x**2 + 36*x + 60. What is o(13)?
-148
Let m(j) = -j**3 + 10*j**2 - 5*j + 7. Calculate m(10).
-43
Let s(i) = -53*i**2 + 87*i + 17. Give s(2).
-21
Let v(p) = -6*p**2 + 285*p - 1402. Give v(5).
-127
Let g(f) = 195*f**2 + 191*f - 1. What is g(-1)?
3
Let r(q) = -8*q**2 - 670*q + 2996. Give r(-88).
4
Let d(w) = 5*w**2 - 51*w + 46. Give d(9).
-8
Let z(v) = -3*v**2 - 43*v +